-3*b**4/4 + 47*b**3/6 + 2*b**2 - 34. What is the tens digit of z(-26)?
1
Suppose -66*z - 1376 + 82165 + 7255 = 0. What is the hundreds digit of z?
3
Let r(x) be the third derivative of x**6/120 - x**5/12 + x**4/24 - x**3/3 - 8*x**2. Let m be r(5). Let c(i) = 11*i**2 - 4*i + 3. What is the tens digit of c(m)?
9
Let j be 78/18 - (-8)/(-6). Suppose -3*k - 5*m + 4 = -0, 3*k + j*m = 6. Suppose k*b - 134 + 20 = -3*a, 115 = 3*a + 2*b. What is the units digit of a?
9
Suppose -40 = 16*l - 24*l. Suppose -2*w + 599 = -3*a, -5*w + l*a + 1199 = -w. What is the tens digit of w?
0
Let o be 289/2 - 2/(-4). Suppose -2*n = -135 - 26 - 71. Suppose 4*y - n = 3*g, o = y + 4*y + 4*g. What is the tens digit of y?
2
Let b = 2857 - 1717. Suppose -b = -19*i + 15*i. What is the units digit of i?
5
Suppose 30*t - 25*t = -30. Let o be ((-4)/6 - -1)*(-36)/t. Suppose 5*r = 4*j + 238 + 139, -o*r = -2*j - 150. What is the units digit of r?
7
Suppose -20*n + 121 = -39. What is the units digit of 389 + 7 - n/2?
2
Let p(q) = 90*q + 21. Let a be p(-4). Let k = 643 + a. Let t = 444 - k. What is the units digit of t?
0
Let t = -516 - -520. Suppose d = -20*u + 15*u + 6312, t*u - 3*d = 5061. What is the tens digit of u?
6
Let t(a) = -a**3 + 6*a**2 + 9*a - 16. Suppose 2*y + 41 - 55 = 0. Let s be t(y). What is the units digit of 90/4*(2 - s/3)?
0
Let o = 51 - 49. Suppose o*f - 3*y = -15, 5*f - 5*y + 11 = -14. Suppose 0 = -f*w + 6*w - 588. What is the tens digit of w?
9
Suppose -4*p - 4 - 4 = 0, p + 64946 = 4*v. What is the thousands digit of v?
6
Let p = 2218 - -10176. What is the thousands digit of p?
2
Suppose 4*v = 5*a - 0*v - 19, -8 = -3*a - v. Suppose -15 = 2*f - a. What is the tens digit of (-290)/f - (-6)/9?
4
Let s(h) be the first derivative of -h**3/3 + 43*h**2/2 + 13*h + 208. What is the tens digit of s(8)?
9
Let l(k) = k - 3. Let q be l(3). Suppose 32 = 286*a - 270*a. Suppose -a*d + 5*j + 58 = 0, q*d + 18 = d + 3*j. What is the units digit of d?
4
Suppose 33 + 39 = 18*l. Suppose -2*b = 9*n - 6*n - 115, -n - 209 = -l*b. What is the units digit of b?
3
Let p be (1/(-2))/((-10)/(-480)). Let m be (-3)/2 + 348/p. Let v(y) = y**3 + 15*y**2 - 23*y + 4. What is the hundreds digit of v(m)?
1
Let u(l) = 7*l**2 + 20*l - 12. Suppose 13 = -3*q + 28. Let b(d) = 8*d**2 + 19*d - 11. Let g(v) = q*b(v) - 6*u(v). What is the tens digit of g(-12)?
2
Let p be 798/49 - 6 - (-6)/(-21). Suppose -3*t - 983 = -2*u, -3*t - p = 5. What is the units digit of u?
4
Let u(r) = -r**2 - 4*r + 14. Let c be u(-6). Suppose -16 = c*f - 6*f. Suppose 3*b - f*j - 36 = 295, -4*b + 442 = -5*j. What is the tens digit of b?
1
Let w = 29835 - 17543. What is the hundreds digit of w?
2
Let i = -111 - -77. What is the hundreds digit of 1013/5 - i/85?
2
Let z(t) = -15*t**2 - 9 + t**3 + 6*t**2 + 12*t - 3*t**2. Let x be z(11). Suppose 6*l = -s + 3*l + 39, 0 = 5*s - x*l - 246. What is the tens digit of s?
4
Let u(t) be the second derivative of t**4/12 - 29*t**3/6 + 14*t**2 - 17*t. Let k be u(28). Suppose k = -2*b - 180 + 570. What is the hundreds digit of b?
1
Suppose -n + 3*n - 4*k + 6 = 0, 5*n - 3*k + 1 = 0. Let b be (5/(30/(-129)))/(n/(-22)). Suppose -u - 10*u + b = 0. What is the tens digit of u?
4
Suppose -4*z = a - 1595, 5*z + 5*a - 749 = 1226. Suppose 1364 = -5*c + 219. Let y = c + z. What is the hundreds digit of y?
1
Suppose 4*f - 64792 = -3*t, -20*t - 3*f = -18*t - 43196. What is the units digit of t?
2
Let w(f) = 827*f**2 + 5*f + 4. Let q be w(-2). Suppose -240 = -5*a - 4*z + q, -z + 708 = a. What is the hundreds digit of a?
7
Suppose -159810 = -3*s + 2*m - 48312, -37166 = -s - 4*m. What is the ten thousands digit of s?
3
Let x be (-8)/4*((-1 - -4) + -4). Suppose 0 = -x*y, -2181 = k - 4*k + 2*y. What is the units digit of k?
7
Suppose 6*g - 4*g - 2*w = 26, 2 = w. Suppose -5883 - 237 = -g*a. What is the units digit of a?
8
Let b(r) = -17*r - 124. Let q be b(-8). Suppose q*s - 8129 = s. What is the tens digit of s?
3
Suppose 3*a - 552 = 492. Let g = -86 + a. Suppose 0*f - 443 = -3*f + 5*k, -2*f - 5*k + g = 0. What is the hundreds digit of f?
1
Suppose -103*m - 190180 = -177*m. What is the thousands digit of m?
2
Let u(c) = 4*c**3 + 2*c**2 + 2*c + 21. Let y be u(9). Suppose 3*g - 3*d = y, -5*g + 5204 = -3*d + 7*d. What is the units digit of g?
0
Suppose 7 = 11*l - 15. Suppose -l*s = 3*s - 1355. What is the units digit of s?
1
Let o = 41599 - 10662. What is the hundreds digit of o?
9
Let x = -10287 + 20326. What is the thousands digit of x?
0
Let s = -6890 - -12632. Suppose 5*w + 0*l - 7175 = 5*l, -4*w = -5*l - s. What is the thousands digit of w?
1
What is the thousands digit of (15 + -12)*((-2282)/10)/((-6)/10)?
1
Let h = -3834 + 8146. What is the tens digit of (h/(-12))/((-4)/6)?
3
What is the thousands digit of ((-1473028)/793)/((-6)/39)?
2
Let w = 6721 - -692. What is the tens digit of w?
1
Let k(g) = -3*g**3 - 3*g**2 - 23*g - 36. What is the hundreds digit of k(-13)?
3
Suppose 240 = -5*z + 4*k - 99, 4*z + 276 = 2*k. Let w = z - -77. Suppose w*b - 77 - 55 = 0. What is the units digit of b?
2
Let u = -78 + 90. Suppose u*t - 4*t - 16 = 0. What is the units digit of t/(-11) + 19140/121?
8
Let u(l) = 1267*l**2 + 14*l + 27. What is the thousands digit of u(-4)?
0
Let x(z) = -z**2 - 25*z + 8. Let j(c) = -2*c**2 - 52*c + 15. Let d(b) = -6*j(b) + 13*x(b). What is the units digit of d(-11)?
6
Let c = -2586 - -3769. Let i = 1843 - c. What is the tens digit of i?
6
Let b = -35 - -29. Let c(q) = -3*q**3 - q**2 + 11*q + 6. Let z be c(b). Suppose -18*k = -15*k - z. What is the units digit of k?
4
Suppose -5*d - 10 + 25 = 0. Suppose 3*f - 4*w + 12 = f, d*f - 3*w = -6. What is the units digit of 7/(-4) + f + 1461/12?
2
Suppose 15*m = 170686 - 53461. What is the units digit of m?
5
Suppose 58*m = 47*m + 147158. What is the thousands digit of m?
3
Suppose 6*x - 5*m - 21 = 2*x, -18 = -x - 3*m. Suppose -400 = -29*k + x*k. What is the units digit of k?
0
Suppose 13662 = 9*i - 6057. What is the units digit of (-4)/22 + i/11?
9
Let x = -5 - -6. Let l(m) = 50*m**2 + m - 2. Let t be l(x). Let p = t + 2. What is the units digit of p?
1
Let i = 452 - 424. Suppose -i*b + 30*b - 1984 = 0. What is the units digit of b?
2
Suppose 0 = 57*x - 205403 + 12857. What is the hundreds digit of x?
3
Let g = -376 + 3660. What is the tens digit of g?
8
Let h = 2156 - -2833. What is the units digit of h?
9
Let a = 9131 - 4179. What is the hundreds digit of a?
9
Let x be (-2 + (-25)/(-15))/((-6)/10386). Let o = 210 + x. What is the units digit of o?
7
Let j = -39487 + 83467. What is the thousands digit of j?
3
Let n be (2 - 11/(55/(-100))) + -2. Suppose 9973 = n*f - 2927. What is the units digit of f?
5
Suppose -8*p + 7*p - o = -967, p + 2*o - 963 = 0. Suppose 494 = 5*b - p. What is the tens digit of b?
9
Let s(b) = 11*b**2 - 5*b + 12. Suppose 0 = -8*g + 18*g - 770. Let w = 81 - g. What is the tens digit of s(w)?
6
Let h(m) = 20*m**2 - 12*m + 164. Let g be h(42). Suppose -202*n + 182*n = -g. What is the units digit of n?
7
Let i(l) = -l**3 - 3*l**2 + 51*l - 12. Let j be i(6). What is the units digit of -6*2/j - (-1558)/5?
2
Let n = 3 - 13. Let p = -8 - n. Suppose -p*j = -209 + 37. What is the tens digit of j?
8
Suppose 50*k + 55905 = -15295. Let t = k + 2628. What is the hundreds digit of t?
2
Suppose 0 = -6*w + 514 + 734. Let r = 7 - 85. Let u = w + r. What is the tens digit of u?
3
Let d(v) = 7*v**2 - 9*v - 11. Let n be d(-6). Suppose k - 254 = n. What is the tens digit of k?
4
Suppose -18*l = -21*l - 4*j + 21885, -4*j - 7263 = -l. What is the hundreds digit of l?
2
Suppose -114*f = 104*f - 11714666. What is the thousands digit of f?
3
Suppose 14 = -2*l + 8. Let d be (11/(-4))/(l/(-84)) + 1. Let q = d + 140. What is the tens digit of q?
6
Suppose -9 = -d - 10. Let c be 90/36 + d/2. Suppose -5*p = c*x - 409, -x = -p + 4*x + 98. What is the tens digit of p?
8
Let h = 965 - 669. Suppose 0 = h*r - 292*r - 3804. What is the hundreds digit of r?
9
Let j be 54/72*8/2. Suppose 1 = 2*a - 3. Suppose z - 186 = -j*o, -4*z + a*o = -z - 503. What is the tens digit of z?
7
Suppose -660 = -3*t - 4*a, 442 = 2*t - 0*a + 2*a. Suppose -5*f + 19*f = t. What is the hundreds digit of f/(-2)*510/(-20)?
2
Suppose -2*d - 2*z - 36 = 0, d + 12 = -16*z + 17*z. Let u(c) be the fir